-g, -331 = -4*b - o + 342. What are the prime factors of b?
13
Let g(l) = 51*l - 364. What are the prime factors of g(38)?
2, 787
Suppose -l + 8 - 10 = 0. Let g be (-10)/(-2 + 0) + l. What are the prime factors of 2 + 3 - g/(-3)?
2, 3
Suppose -5 - 7 = -4*g. Suppose -3*o - g*t + 340 = -38, t = -5*o + 630. Suppose 0 = 3*c - 9*c + o. List the prime factors of c.
3, 7
Let r(n) = 10*n + 3. Let c(s) = s - 13. Let h be c(9). Let g be r(h). Let v = -2 - g. What are the prime factors of v?
5, 7
List the prime factors of ((283/(-1))/(5/(-10)))/1.
2, 283
List the prime factors of ((-12)/20)/3 + 3286/5.
3, 73
Let l(y) = -2*y**2 - 8*y + 1. Let g(c) = 2*c**2 + 7*c - 2. Let o(d) = 3*g(d) + 2*l(d). List the prime factors of o(8).
2, 41
Suppose 3*c + 4*o + 2 = -19, 2*o = -4*c - 18. Let u be (26/c)/((-2)/3). Suppose 7*m - 8*m + u = 0. List the prime factors of m.
13
Suppose -136 = -10*b + 1914. What are the prime factors of b?
5, 41
Suppose -188*m = -174*m - 16142. List the prime factors of m.
1153
Suppose -2*l + 639 = 6*k - k, -4*l + 1323 = k. Suppose 3*p - 2*n = l, -4*p = 2*n - 0*n - 438. What are the prime factors of p?
2, 5, 11
Let t(g) = -5*g + 6. Let j(s) = -16*s + 18. Let m(l) = 2*j(l) - 7*t(l). Suppose -3*b - 4*o + 42 = 0, -32 = -2*b - 0*b - 4*o. What are the prime factors of m(b)?
2, 3
Suppose -5*q + 4*v = -5330, 4*q - 6214 + 1949 = 3*v. What are the prime factors of q?
2, 5, 107
Let t(r) = 7*r**2 - r - 1 + 35*r**2 + 32*r**2. What are the prime factors of t(-1)?
2, 37
Suppose -270 = 11*z + 1226. Let c = 57 - z. What are the prime factors of c?
193
Let y(g) = 2*g**2 + 4*g - 476. List the prime factors of y(30).
2, 19
Let y = 1037 - 517. List the prime factors of y.
2, 5, 13
Suppose -133671 = -49*i - 5095. What are the prime factors of i?
2, 41
Let z be 1/(-7)*-3 + (-303)/21. Let r = 112 + z. What are the prime factors of r?
2, 7
Let f be 2/(8/(-12)) + 17. Suppose 16 = 2*z - f. What are the prime factors of z?
3, 5
Let y(i) = -i**2 - 33*i - 60. Let j be y(-31). What are the prime factors of ((-7)/(-7) + 1)*(21 + j)?
2, 23
Suppose 65344 = 59*h + 24870. List the prime factors of h.
2, 7
Let m = 254 + 246. List the prime factors of m.
2, 5
Suppose 2*p - 17 + 1 = 0. Suppose -4*u + 44 = -2*l, -2*l - 26 = -3*u + p. What are the prime factors of u?
2, 5
What are the prime factors of (2/4)/(10/6260)?
313
Let m(i) = -i - 1. Let l(w) = -11*w - 20. Let v(s) = l(s) - 3*m(s). What are the prime factors of v(-5)?
23
Suppose 2*m + 4*p = 74 + 6, -3*m + p + 127 = 0. Let t = m + -16. Suppose 0 = 5*i - t - 29. List the prime factors of i.
11
Let i(c) = 221*c - 389. List the prime factors of i(4).
3, 5, 11
Suppose -2*j = -5*j - 930. Let g = -158 - j. What are the prime factors of g?
2, 19
Suppose 0 = 23*y - 3153 - 527. Suppose 4*a - 130 = -2*q, 44 = 3*a - 2*q - 43. Suppose -27*w = -a*w + y. List the prime factors of w.
2, 5
Suppose 3*r + 12 = 5*w + 5*r, 2*w - 2*r = 2. Suppose -4*f - 5*c = -9 - 3, -3*f - w*c + 9 = 0. What are the prime factors of f?
3
Suppose 2*t + 1250 = 4*a, -a + 2*a - 5*t = 326. What are the prime factors of a?
311
Let s(w) = 153*w - 327. List the prime factors of s(16).
3, 7, 101
Suppose 0 = -2*g + 14. Suppose g*v = 5*v + 22. Suppose -v = -17*m + 16*m. List the prime factors of m.
11
List the prime factors of 3*10/(-75) - (-25310)/25.
2, 11, 23
Suppose 4*o = -5*u, 0 = -5*u + 2*o + 16 + 14. Let y(c) = c**2 - 2*c + 1. Let x be y(u). Suppose 11 = 2*a - x. What are the prime factors of a?
2, 5
Suppose 2*l - 80 = 2*t, -4*l - 8*t + 4*t = -184. Suppose -6*k + 31 = -155. Let w = l - k. What are the prime factors of w?
2, 3
Let l(p) = -31*p**3 - p**2 - p - 1. Let c(y) = -y**3 - 2*y**2 - 3*y + 1. Let f be c(-3). Let o = -20 + f. List the prime factors of l(o).
2, 3, 5
Let m = 10 - 14. Let t be (m - 3)*9/(-3). What are the prime factors of 2/(-7) + 636/t?
2, 3, 5
Let j be -33*(15/9 - 2). Let d = 15 - j. Let q(i) = i**3 - 3*i**2 + i - 1. What are the prime factors of q(d)?
19
Suppose -2*l = -28 + 20. Suppose 773 = l*t + 205. What are the prime factors of t?
2, 71
Suppose 0 = -2*w + j + 15, -3*w = -j + 5*j - 39. Suppose w*v - 270 = -v. What are the prime factors of v?
3
Suppose 5*g - 3*z = -149, 3*g + z + 89 = 3*z. Let b = 58 + g. List the prime factors of b.
3
List the prime factors of (-10783)/(-7) - (-36)/(-84).
2, 5, 7, 11
Let v = 19 - 8. Let t be 2/(-5)*(-81 + v). Suppose z - t = -5*i, 4*z + i = 3*i + 112. What are the prime factors of z?
2, 7
Let z be (12/(-5))/(1/(-30)). Let t = z - -188. List the prime factors of t.
2, 5, 13
Let m = -19 + 19. Suppose 12*f - 7*f - 355 = m. What are the prime factors of f?
71
Suppose 5*k = -3*s + 16 + 32, -4*s + 2*k = -38. Let m(p) = -p + 15. Let g be m(s). Suppose -t + g*l - 76 = -5*t, 2*t + l = 40. List the prime factors of t.
3, 7
Let c be 2/4*1*(35 + -21). Let o(k) = 2*k**2 + 9*k - 1. List the prime factors of o(c).
2, 5
Suppose -3*c - c - 40 = 0. Let q = c - -4. List the prime factors of (2/3)/(q/(-279)).
31
Let r = -20 - -40. Suppose 4 = 2*a - r. Suppose 2*n - g - 46 = 0, 2*g = -g - a. What are the prime factors of n?
3, 7
Let w(t) = 11*t**2 - t + 2. Suppose 18 = -2*l + 5*l. Let x(g) = g**3 - 5*g**2 - 6*g - 2. Let d be x(l). List the prime factors of w(d).
2, 3
Let s = 20 - 15. Suppose -m = -5*c - 2*m + 46, -s*m - 13 = -2*c. Suppose -n = -37 + c. List the prime factors of n.
2, 7
Let w = 853 - 196. List the prime factors of w.
3, 73
Suppose 5*y - 54 = -194. Let h(q) = -2*q**2 - 63*q + 37. List the prime factors of h(y).
233
Let f(o) = 2 - o**2 + 6 + 0*o**2 - 8*o. Let g(l) = 8*l**3 - 3*l - 2. Let k be g(-1). List the prime factors of f(k).
3, 5
Suppose 0 = 6*s - 1042 - 1826. What are the prime factors of s?
2, 239
Let o(r) = 674*r**2 - 37*r - 80. What are the prime factors of o(-2)?
2, 5, 269
Let c = 465 - -2798. List the prime factors of c.
13, 251
Let r be -4 + 259 - (-1 - 1). Let u = -372 + r. What are the prime factors of (-24)/(-42) + u/(-7)?
17
Let n be 8/(-6) - 854/(-6). Let x = 207 - n. What are the prime factors of x?
2, 3, 11
Let j be (1 + 1 - -3)*30/50. Suppose 0 = -4*s - j*b - 146 + 377, -5*s + 2*b + 306 = 0. List the prime factors of s.
2, 3, 5
Suppose -4*o = -3*d + 1048, 0 = -d - 2*d + 2*o + 1046. What are the prime factors of d?
2, 3, 29
Let v(d) be the first derivative of d**3/6 + 9*d**2 + 5*d - 10. Let x(p) be the first derivative of v(p). List the prime factors of x(9).
3
Let y be 90/12*44/6. List the prime factors of (2*(-34)/10)/((-11)/y).
2, 17
Suppose 9*g = 4789 + 1250. List the prime factors of g.
11, 61
Suppose 4*t - 1679 = 3*f + 1099, -4*f + 8 = 0. List the prime factors of t.
2, 3, 29
Suppose 3*m + 4*q - 12129 = 0, -14*q + 18*q + 16144 = 4*m. What are the prime factors of m?
7, 577
Let c(q) be the third derivative of q**2 + 0*q - 1/12*q**4 - 1/6*q**3 + 0. List the prime factors of c(-5).
3
Let b(o) = 7*o**2 + 7*o + 12. Let f be b(-5). Suppose -5*j + 5*u = 42 - f, 0 = 5*u + 10. List the prime factors of j.
2, 5
Suppose i = m - 1, m + 2*m + 5*i = -5. Suppose 4*b + m = 12. What are the prime factors of b?
3
List the prime factors of (16692/39)/((-16)/(-68)).
17, 107
Let z(m) = -m**2 - 7*m - 1. Let n be z(-3). Let i(x) = 3037*x**2 + x - 10 - 8*x - 3036*x**2. List the prime factors of i(n).
2, 17
List the prime factors of 210 - (-12)/6 - 6.
2, 103
Let d = -11 - -13. Let g be 1/(d/18*3). Suppose -5*w + 5*u = 5, -g*w = 3*u - 0*u - 15. What are the prime factors of w?
2
Suppose -31*u = 44*u - 34125. What are the prime factors of u?
5, 7, 13
Let n(v) = v**2 - 12. Let x be n(4). Suppose -x*y = 7 - 71. List the prime factors of y.
2
Let f = -3 + 7. Suppose -f*w = -w - 69. Let p = w + -12. What are the prime factors of p?
11
Let v = 7 + -3. Suppose v*g + 194 - 758 = 0. What are the prime factors of g?
3, 47
Suppose 29 = 4*y + 1. Suppose y*o + 45 = 12*o. List the prime factors of (230/15)/(6/o).
23
Suppose 37064 = 3*a + 38*a. List the prime factors of a.
2, 113
Let j(n) = 3*n**3 - 16*n**2 + 35*n - 11. List the prime factors of j(11).
11, 13, 17
Let x be 1 + 0 + (-22)/2. Let d = -6 - x. Suppose -110 = -c - d*c. What are the prime factors of c?
2, 11
Suppose -b + 4*c + 298 = 0, b - 2*b - c + 303 = 0. List the prime factors of b.
2, 151
Suppose 1036*t + 384 = 1044*t. List the prime factors of t.
2, 3
List th